 factor of 2460?
False
Is 540 a multiple of 15?
True
Is 1294 a multiple of 46?
False
Is 14 a factor of 71?
False
Is 229 a factor of 11908?
True
Is 399 a multiple of 7?
True
Does 28 divide 4351?
False
Is 9086 a multiple of 22?
True
Does 70 divide 1376?
False
Does 12 divide 12864?
True
Does 135 divide 15390?
True
Is 5322 a multiple of 11?
False
Is 254 a multiple of 4?
False
Is 117 a factor of 7695?
False
Is 460 a multiple of 22?
False
Is 32 a factor of 42080?
True
Is 1048 a multiple of 105?
False
Is 12231 a multiple of 9?
True
Is 6258 a multiple of 21?
True
Is 886 a multiple of 4?
False
Is 3 a factor of 168?
True
Is 16 a factor of 97?
False
Does 18 divide 2538?
True
Is 324 a multiple of 36?
True
Does 17 divide 85?
True
Does 95 divide 2375?
True
Is 2095 a multiple of 3?
False
Is 5736 a multiple of 8?
True
Does 97 divide 14108?
False
Does 245 divide 98980?
True
Does 22 divide 44989?
False
Is 9048 a multiple of 26?
True
Does 13 divide 754?
True
Is 4339 a multiple of 2?
False
Does 135 divide 4513?
False
Does 4 divide 4101?
False
Is 10 a factor of 3290?
True
Does 27 divide 356?
False
Does 27 divide 918?
True
Is 1880 a multiple of 63?
False
Does 96 divide 31296?
True
Is 46332 a multiple of 198?
True
Is 37 a factor of 5439?
True
Does 21 divide 98235?
False
Is 1862 a multiple of 5?
False
Does 30 divide 2940?
True
Does 6 divide 4374?
True
Is 4879 a multiple of 17?
True
Does 3 divide 697?
False
Does 17 divide 69241?
True
Does 7 divide 392?
True
Is 12 a factor of 420?
True
Is 684 a multiple of 19?
True
Does 18 divide 4526?
False
Is 3 a factor of 119?
False
Is 35832 a multiple of 8?
True
Is 427 a multiple of 3?
False
Is 33 a factor of 3243?
False
Is 71 a factor of 39062?
False
Does 14 divide 26624?
False
Does 16 divide 46832?
True
Is 37578 a multiple of 26?
False
Is 11389 a multiple of 48?
False
Is 2550 even?
True
Is 997 a multiple of 7?
False
Is 1848 a multiple of 21?
True
Is 19 a factor of 121?
False
Is 1944 a multiple of 12?
True
Is 280 a factor of 23514?
False
Is 19 a factor of 1489?
False
Is 3290 a multiple of 35?
True
Is 28 a factor of 28?
True
Does 114 divide 5016?
True
Is 1265 a multiple of 42?
False
Does 26 divide 1690?
True
Does 4 divide 141?
False
Is 26705 a multiple of 103?
False
Does 31 divide 7379?
False
Is 1545 even?
False
Does 29 divide 1039?
False
Is 7624 a multiple of 33?
False
Does 10 divide 37847?
False
Is 3772 a multiple of 40?
False
Does 10 divide 9961?
False
Is 3168 a multiple of 198?
True
Is 17 a factor of 39142?
False
Does 14 divide 166?
False
Is 5803 a multiple of 128?
False
Does 8 divide 5501?
False
Does 15 divide 2120?
False
Is 12 a factor of 1292?
False
Is 22 a factor of 6757?
False
Does 10 divide 540?
True
Is 289 a multiple of 3?
False
Is 35 a factor of 219?
False
Is 191 a factor of 15276?
False
Is 30150 a multiple of 30?
True
Is 1183 a multiple of 169?
True
Does 17 divide 799?
True
Is 20378 a multiple of 11?
False
Is 80 a multiple of 40?
True
Is 19170 a multiple of 5?
True
Is 1661 a multiple of 6?
False
Is 362 a multiple of 7?
False
Is 2820 a multiple of 15?
True
Does 52 divide 3172?
True
Is 49 a factor of 205?
False
Is 49 a factor of 4998?
True
Does 101 divide 5757?
True
Is 49 a factor of 6762?
True
Is 109 a factor of 2180?
True
Is 2252 a multiple of 11?
False
Is 996 a multiple of 10?
False
Is 33 a factor of 871?
False
Is 7089 a multiple of 27?
False
Is 1411 a multiple of 17?
True
Is 3 a factor of 234?
True
Is 1694 a multiple of 6?
False
Is 38144 a multiple of 149?
True
Does 161 divide 9499?
True
Is 1132 a multiple of 24?
False
Does 15 divide 21885?
True
Is 27 a factor of 1269?
True
Does 278 divide 87290?
False
Is 18 a factor of 3742?
False
Is 1115 a multiple of 39?
False
Does 71 divide 4402?
True
Does 5 divide 18727?
False
Is 22 a factor of 22?
True
Does 37 divide 37?
True
Does 21 divide 6513?
False
Is 8 a factor of 2240?
True
Is 140 a multiple of 22?
False
Is 52 a factor of 2892?
False
Does 34 divide 3043?
False
Is 25575 a multiple of 8?
False
Is 1247 a multiple of 29?
True
Does 13 divide 2650?
False
Is 159 a factor of 3021?
True
Is 19685 a multiple of 41?
False
Is 2929 a multiple of 44?
False
Is 7 a factor of 19644?
False
Is 2862 a multiple of 6?
True
Is 15 a factor of 1390?
False
Is 11601 a multiple of 9?
True
Is 50 a factor of 12000?
True
Does 30 divide 887?
False
Is 21 a factor of 456?
False
Is 18 a factor of 3258?
True
Is 5031 a multiple of 43?
True
Is 7662 a multiple of 161?
False
Is 17 a factor of 19509?
False
Does 38 divide 1596?
True
Does 13 divide 494?
True
Is 105 a multiple of 10?
False
Is 2 a factor of 9070?
True
Is 16 a factor of 6031?
False
Is 152 a multiple of 18?
False
Is 8016 a multiple of 48?
True
Does 16 divide 1478?
False
Does 238 divide 44132?
False
Is 23456 a multiple of 16?
True
Is 86 a factor of 430?
True
Does 4 divide 155?
False
Does 4 divide 1269?
False
Is 233 a multiple of 9?
False
Does 51 divide 5202?
True
Does 3 divide 88?
False
Does 34 divide 16694?
True
Does 69 divide 11095?
False
Is 53 a factor of 22068?
False
Does 13 divide 1326?
True
Is 7 a factor of 139?
False
Is 2450 a multiple of 13?
False
Is 659 a multiple of 6?
False
Does 16 divide 3632?
True
Does 100 divide 10712?
False
Is 87 a factor of 489?
False
Is 25551 a multiple of 67?
False
Does 38 divide 3489?
False
Does 6 divide 930?
True
Does 24 divide 576?
True
Is 21 a factor of 908?
False
Does 25 divide 11775?
True
Is 24748 a multiple of 75?
False
Is 11 a factor of 121?
True
Is 83 a factor of 4067?
True
Is 3 a factor of 821?
False
Is 8250 a multiple of 75?
True
Does 4 divide 1304?
True
Is 21 a factor of 1381?
False
Is 2755 a multiple of 29?
True
Is 7564 a multiple of 124?
True
Does 45 divide 2160?
True
Is 261 a multiple of 6?
False
Does 7 divide 14?
True
Does 17 divide 974?
False
Does 231 divide 48400?
False
Is 1738 a multiple of 3?
False
Is 37604 a multiple of 15?
False
Does 6 divide 9060?
True
Is 1515 a multiple of 15?
True
Does 9 divide 245?
False
Is 35966 a multiple of 15?
False
Is 11 a factor of 102960?
True
Is 382 a multiple of 43?
False
Is 31 a factor of 1395?
True
Does 8 divide 420?
False
Is 962 a multiple of 78?
False
Is 420 a multiple of 35?
True
Is 8929 a multiple of 9?
False
Is 176160 a multiple of 59?
False
Is 15 a factor of 22222?
False
Is 1496 a multiple of 68?
True
Is 2932 a multiple of 7?
False
Is 309 a multiple of 20?
False
Is 79208 a multiple of 32?
False
Is 1313 a multiple of 101?
True
Is 382 a multiple of 26?
False
Does 7 divide 105?
True
Does 6 divide 798?
True
Is 6529 a multiple of 3?
False
Is 259 a multiple of 6?
False
Does 10 divide 700?
True
Is 70 a factor of 4200?
True
Is 26495 a multiple of 7?
True
Does 5 divide 589?
False
Does 101 divide 9696?
True
Is 24860 a multiple of 113?
True
Does 34 divide 65635?
False
Is 37 a factor of 24679?
True
Is 71 a factor of 4544?
True
Is 4110 a multiple of 11?
False
Does 14 divide 2359?
False
Is 10857 a multiple of 15?
False
Does 14 divide 222?
False
Does 133 divide 9709?
True
Is 4 a factor of 10180?
True
Is 3338 a multiple of 27?
False
Does 2 divide 46?
True
Does 57 divide 29148?
False
Is 23 a factor of 657?
False
Is 3796 a multiple of 52?
True
Is 69 a factor of 207?
True
Is 410 a multiple of 5?
True
Is 8 a factor of 8328?
True
Is 10 a factor of 11590?
True
Is 235 a factor of 31255?
True
Does 7 divide 255?
False
Is 50 a factor of 400?
True
Is 47 a multiple of 12?
False
Does 240 divide 2126?
False
Does 33 divide 297?
True
Is 11 a factor of 4530?
False
Does 7 divide 350?
True
Is 3 a factor of 1786?
False
Is 32 a factor of 1847?
False
Is 1577 a multiple of 83?
True
Does 55 divide 2255?
True
Is 7 a factor of 2653?
True
Is 41 a factor of 3936?
True
Is 18 a factor of 20214?
True
Is 73 a factor of 1241?
True
Is 10 a factor of 2020?
True
Is 7 a factor of 910?
True
Is 1542 a multiple of 20?
False
Is 11 a factor of 4400?
True
Is 4 a factor of 80?
True
Is 73476 a multiple of 26?
True
Is 19 a factor of 53200?
True
Is 510 a multiple of 28?
False
Does 9 divide 27?
True
Does 9 divide 20844?
True
Is 3726 a multiple of 95?
False
Is 691 a multiple of 47?
False
Is 1839 a multiple of 24?
False
Is 110106 a multiple of 18?
True
Is 22779 a multiple of 20?
False
Is 7605 a multiple of 29?
False
Is 3661 a multiple of 11?
False
Is 12 a factor of 96?
True
Is 160 a multiple of 16?
True
Is 31 a factor o